{"id":1465,"date":"2014-04-27T13:12:01","date_gmt":"2014-04-27T12:12:01","guid":{"rendered":"http:\/\/www.romev.de\/?page_id=1465"},"modified":"2022-01-18T21:38:50","modified_gmt":"2022-01-18T20:38:50","slug":"spenden","status":"publish","type":"page","link":"https:\/\/www.romev.de\/?page_id=1465","title":{"rendered":"Spenden"},"content":{"rendered":"[vc_row type=&#8220;in_container&#8220; full_screen_row_position=&#8220;middle&#8220; column_margin=&#8220;default&#8220; scene_position=&#8220;center&#8220; text_color=&#8220;dark&#8220; text_align=&#8220;left&#8220; overlay_strength=&#8220;0.3&#8243; shape_divider_position=&#8220;bottom&#8220; bg_image_animation=&#8220;none&#8220; shape_type=&#8220;&#8220;][vc_column column_padding=&#8220;padding-2-percent&#8220; column_padding_position=&#8220;all&#8220; background_color=&#8220;#1e73be&#8220; background_color_opacity=&#8220;1&#8243; background_hover_color_opacity=&#8220;1&#8243; font_color=&#8220;#ffffff&#8220; column_link_target=&#8220;_self&#8220; column_shadow=&#8220;none&#8220; column_border_radius=&#8220;none&#8220; width=&#8220;1\/1&#8243; tablet_width_inherit=&#8220;default&#8220; tablet_text_alignment=&#8220;default&#8220; phone_text_alignment=&#8220;default&#8220; overlay_strength=&#8220;0.3&#8243; column_border_width=&#8220;none&#8220; column_border_style=&#8220;solid&#8220; bg_image_animation=&#8220;none&#8220;][vc_column_text]\n<p class=\"x_bodytext\">Bitte nutzen Sie das folgende Spendenkonto, um Ihre Spende an\u00a0den Rom e.V. zu \u00fcberweisen (gerne stellen wir als gemeinn\u00fctziger Verein Zuwendungsbest\u00e4tigungen aus):<\/p>\n<p class=\"x_bodytext\"><strong>IBAN DE 80 3705 0198 0012 4426 20<br \/>\n<\/strong><strong>BIC: COLSDE33XXX<\/strong><\/p>\n[\/vc_column_text][\/vc_column][vc_column column_padding=&#8220;no-extra-padding&#8220; column_padding_position=&#8220;all&#8220; background_color_opacity=&#8220;1&#8243; background_hover_color_opacity=&#8220;1&#8243; font_color=&#8220;#000000&#8243; column_link_target=&#8220;_self&#8220; column_shadow=&#8220;none&#8220; column_border_radius=&#8220;none&#8220; width=&#8220;1\/1&#8243; tablet_width_inherit=&#8220;default&#8220; tablet_text_alignment=&#8220;default&#8220; phone_text_alignment=&#8220;default&#8220; overlay_strength=&#8220;0.3&#8243; column_border_width=&#8220;none&#8220; column_border_style=&#8220;solid&#8220; bg_image_animation=&#8220;none&#8220;][vc_column_text]&nbsp;<\/p>\n<p><strong>Wir sind Mitunterzeichner des \u201eK\u00f6lner Spenden Commitment\u201c.\u00a0 Wenn Sie f\u00fcr uns spenden, spenden Sie f\u00fcr&#8230;<\/strong><\/p>\n<ol>\n<li>&#8230;eine gerechte Gesellschaft, die Armut \u00fcberwunden hat und f\u00fcr volle Teilhabe steht, unabh\u00e4ngig von Alter, finanziellen M\u00f6glichkeiten sowie k\u00f6rperlichen, psychischen oder seelischen Einschr\u00e4nkungen.<\/li>\n<\/ol>\n<ol start=\"2\">\n<li>&#8230;die Gleichstellung aller Menschen, unabh\u00e4ngig von Geschlecht, sexueller Orientierung und Identit\u00e4t.<\/li>\n<\/ol>\n<ol start=\"3\">\n<li>&#8230;eine Gesellschaft, die Rassismus und Antisemitismus erkennt, benennt und bek\u00e4mpft.<\/li>\n<\/ol>\n<ol start=\"4\">\n<li>&#8230;die Idee eines Europa und einer Weltgemeinschaft, welche f\u00fcr Menschenrechte, Frieden und soziale Gerechtigkeit weltweit eintritt.<\/li>\n<\/ol>\n<ol start=\"5\">\n<li>&#8230;eine humanit\u00e4re Zuwanderungspolitik, die auf Vielfalt statt Abschottung setzt .<\/li>\n<\/ol>\n<ol start=\"6\">\n<li>&#8230;konsequenten Klima- und Umweltschutz und eine nachhaltige Wirtschafts-, Landwirtschafts- und Energiepolitik, die die Grundlagen unserer Existenz wahrt.<\/li>\n<\/ol>\n<p><strong>Weil die W\u00fcrde des Menschen unantastbar ist!<\/strong><\/p>\n<p>&nbsp;[\/vc_column_text][\/vc_column][\/vc_row]\n","protected":false},"excerpt":{"rendered":"<p>[vc_row type=&#8220;in_container&#8220; full_screen_row_position=&#8220;middle&#8220; column_margin=&#8220;default&#8220; scene_position=&#8220;center&#8220; text_color=&#8220;dark&#8220; text_align=&#8220;left&#8220; overlay_strength=&#8220;0.3&#8243; shape_divider_position=&#8220;bottom&#8220; bg_image_animation=&#8220;none&#8220; shape_type=&#8220;&#8220;][vc_column column_padding=&#8220;padding-2-percent&#8220; column_padding_position=&#8220;all&#8220; background_color=&#8220;#1e73be&#8220; background_color_opacity=&#8220;1&#8243; background_hover_color_opacity=&#8220;1&#8243; font_color=&#8220;#ffffff&#8220; column_link_target=&#8220;_self&#8220; column_shadow=&#8220;none&#8220; column_border_radius=&#8220;none&#8220; width=&#8220;1\/1&#8243; tablet_width_inherit=&#8220;default&#8220; tablet_text_alignment=&#8220;default&#8220; phone_text_alignment=&#8220;default&#8220; overlay_strength=&#8220;0.3&#8243; column_border_width=&#8220;none&#8220; column_border_style=&#8220;solid&#8220; bg_image_animation=&#8220;none&#8220;][vc_column_text] Bitte nutzen&#8230;<\/p>\n","protected":false},"author":1965,"featured_media":0,"parent":193,"menu_order":0,"comment_status":"closed","ping_status":"closed","template":"page-sidebar.php","meta":{"footnotes":""},"class_list":["post-1465","page","type-page","status-publish"],"_links":{"self":[{"href":"https:\/\/www.romev.de\/index.php?rest_route=\/wp\/v2\/pages\/1465","targetHints":{"allow":["GET"]}}],"collection":[{"href":"https:\/\/www.romev.de\/index.php?rest_route=\/wp\/v2\/pages"}],"about":[{"href":"https:\/\/www.romev.de\/index.php?rest_route=\/wp\/v2\/types\/page"}],"author":[{"embeddable":true,"href":"https:\/\/www.romev.de\/index.php?rest_route=\/wp\/v2\/users\/1965"}],"replies":[{"embeddable":true,"href":"https:\/\/www.romev.de\/index.php?rest_route=%2Fwp%2Fv2%2Fcomments&post=1465"}],"version-history":[{"count":27,"href":"https:\/\/www.romev.de\/index.php?rest_route=\/wp\/v2\/pages\/1465\/revisions"}],"predecessor-version":[{"id":4518,"href":"https:\/\/www.romev.de\/index.php?rest_route=\/wp\/v2\/pages\/1465\/revisions\/4518"}],"up":[{"embeddable":true,"href":"https:\/\/www.romev.de\/index.php?rest_route=\/wp\/v2\/pages\/193"}],"wp:attachment":[{"href":"https:\/\/www.romev.de\/index.php?rest_route=%2Fwp%2Fv2%2Fmedia&parent=1465"}],"curies":[{"name":"wp","href":"https:\/\/api.w.org\/{rel}","templated":true}]}}