{"id":154,"date":"2013-11-05T15:29:29","date_gmt":"2013-11-05T13:29:29","guid":{"rendered":"http:\/\/www.amaro-kher.de\/romev\/?page_id=154"},"modified":"2021-07-12T08:55:51","modified_gmt":"2021-07-12T07:55:51","slug":"romano-trajo","status":"publish","type":"page","link":"https:\/\/www.romev.de\/?page_id=154","title":{"rendered":"Romano Trajo"},"content":{"rendered":"<h5>Leidenschaft zum \u00dcberleben<\/h5>\n<div id=\"attachment_2389\" style=\"width: 300px\" class=\"wp-caption alignright\"><a href=\"http:\/\/www.romev.de\/wp-content\/uploads\/romanotrajo2016.jpg\" rel=\"prettyPhoto[gallery-2VuJ]\" data-rel=\"lightbox-gallery-MVlUXF6k\" data-imagelightbox=\"0\" data-rl_title=\"\" data-rl_caption=\"\"><img loading=\"lazy\" decoding=\"async\" aria-describedby=\"caption-attachment-2389\" class=\"wp-image-2389\" title=\"\" src=\"http:\/\/www.romev.de\/wp-content\/uploads\/romanotrajo2016-200x300.jpg\" alt=\"romanotrajo2016\" width=\"290\" height=\"435\" srcset=\"https:\/\/www.romev.de\/wp-content\/uploads\/romanotrajo2016-200x300.jpg 200w, https:\/\/www.romev.de\/wp-content\/uploads\/romanotrajo2016-100x150.jpg 100w, https:\/\/www.romev.de\/wp-content\/uploads\/romanotrajo2016.jpg 533w\" sizes=\"auto, (max-width: 290px) 100vw, 290px\" \/><\/a><p id=\"caption-attachment-2389\" class=\"wp-caption-text\">Romano Trajo<\/p><\/div>\n<p>Das Ensemble Romano Trajo (Roma-Leben) steht f\u00fcr einen neuen Klang in der Musik der Roma und Sinti, der Zeugnis von der gro\u00dfen Vitalit\u00e4t und Dynamik des uralten Erbes ihrer Kultur gibt. Die experimentierfreudigen Musiker pr\u00e4sentieren eigene Kompositionen sowie innovative Interpretationen von traditionellem Repertoire, darunter Tanzlieder und lyrische Songs.<\/p>\n<p>Das Musikverst\u00e4ndnis der Gruppe entspringt unmittelbar dem Lebensgef\u00fchl der Roma. In der Darbietung entwickelt die Band die reichen Lieder\u00fcberlieferungen aus Osteuropa und dem Balkan k\u00fcnstlerisch weiter zu einer Musik, die zwischen Jazz, Volk und Worldmusik angesiedelt ist. Die Musik von Romano Trajo bringt das Temperament vieler Roma, in dem oft Lebensfreude und Schmerz ineinanderflie\u00dfen auf den Punkt.<\/p>\n<p>Die mit Rhythmusgitarre, Bassgitarre, Caj\u00f3n, Geige und Gesang besetzte Band erhielt bisher viele begeisterte Kritiken.<\/p>\n<p><strong><a href=\"http:\/\/www.amaro-kher.de\/romev\/wp-content\/uploads\/2013\/11\/romanotrajo_plakat.jpg\" rel=\"prettyPhoto[gallery-2VuJ]\" data-rel=\"lightbox-gallery-MVlUXF6k\" data-imagelightbox=\"1\" data-rl_title=\"\" data-rl_caption=\"\" title=\"\"><img loading=\"lazy\" decoding=\"async\" class=\"wp-image-155 alignleft\" src=\"http:\/\/www.romev.de\/wp-content\/uploads\/2013\/11\/romanotrajo_plakat.jpg\" alt=\"romanotrajo_plakat\" width=\"174\" height=\"253\" srcset=\"https:\/\/www.romev.de\/wp-content\/uploads\/2013\/11\/romanotrajo_plakat.jpg 308w, https:\/\/www.romev.de\/wp-content\/uploads\/2013\/11\/romanotrajo_plakat-103x150.jpg 103w, https:\/\/www.romev.de\/wp-content\/uploads\/2013\/11\/romanotrajo_plakat-206x300.jpg 206w\" sizes=\"auto, (max-width: 174px) 100vw, 174px\" \/><\/a>ROMANO TRAJO ist besetzt mit:<\/strong><\/p>\n<ul>\n<li><strong>Beata Burakowska: <\/strong>Gitarre, Gesang<\/li>\n<li><strong>Oli Ditzel: <\/strong>Bassgitarre, Gesang<\/li>\n<li><strong>Alexander Meyen: <\/strong>Violine<\/li>\n<li><strong>Dani Lakatosz: <\/strong>Cajon<\/li>\n<li><strong>Miki Ahmetovic: <\/strong>Keyboard, Gesang<\/li>\n<\/ul>\n<p>Weitere Infos: <strong><a href=\"http:\/\/www.romanotrajo.de\/\" target=\"_blank\" rel=\"noopener\">www.romanotrajo.de<\/a><\/strong><\/p>\n","protected":false},"excerpt":{"rendered":"<p>Leidenschaft zum \u00dcberleben Das Ensemble Romano Trajo (Roma-Leben) steht f\u00fcr einen neuen Klang in der Musik der Roma und Sinti, der Zeugnis von der gro\u00dfen Vitalit\u00e4t und Dynamik des uralten&#8230;<\/p>\n","protected":false},"author":1965,"featured_media":0,"parent":0,"menu_order":0,"comment_status":"closed","ping_status":"closed","template":"page-sidebar.php","meta":{"footnotes":""},"class_list":["post-154","page","type-page","status-publish"],"_links":{"self":[{"href":"https:\/\/www.romev.de\/index.php?rest_route=\/wp\/v2\/pages\/154","targetHints":{"allow":["GET"]}}],"collection":[{"href":"https:\/\/www.romev.de\/index.php?rest_route=\/wp\/v2\/pages"}],"about":[{"href":"https:\/\/www.romev.de\/index.php?rest_route=\/wp\/v2\/types\/page"}],"author":[{"embeddable":true,"href":"https:\/\/www.romev.de\/index.php?rest_route=\/wp\/v2\/users\/1965"}],"replies":[{"embeddable":true,"href":"https:\/\/www.romev.de\/index.php?rest_route=%2Fwp%2Fv2%2Fcomments&post=154"}],"version-history":[{"count":24,"href":"https:\/\/www.romev.de\/index.php?rest_route=\/wp\/v2\/pages\/154\/revisions"}],"predecessor-version":[{"id":4317,"href":"https:\/\/www.romev.de\/index.php?rest_route=\/wp\/v2\/pages\/154\/revisions\/4317"}],"wp:attachment":[{"href":"https:\/\/www.romev.de\/index.php?rest_route=%2Fwp%2Fv2%2Fmedia&parent=154"}],"curies":[{"name":"wp","href":"https:\/\/api.w.org\/{rel}","templated":true}]}}