{"id":1847,"date":"2014-11-26T23:57:37","date_gmt":"2014-11-26T22:57:37","guid":{"rendered":"http:\/\/www.romev.de\/?page_id=1847"},"modified":"2019-12-24T16:47:57","modified_gmt":"2019-12-24T15:47:57","slug":"downloads","status":"publish","type":"page","link":"https:\/\/www.romev.de\/?page_id=1847","title":{"rendered":"Downloads"},"content":{"rendered":"<ul style=\"list-style-type: square;\">\n<li><a href=\".\/medien\/rombuk\/Flyer_RomBuK.pdf\" target=\"_blank\" rel=\"noopener noreferrer\">Flyer<\/a> \u201eRomBuK \u2013Bildung und Kultur im Rom e.V.\u201c<\/li>\n<li><a href=\"http:\/\/www.romev.de\/wp-content\/uploads\/2014\/05\/resilienz.pdf\">\u201eIch kann \u00fcber\u2018s Feuer springen!\u201c<br \/>\n<\/a>Ein Projekt zur Resilienzf\u00f6rderung von Roma-Fl\u00fcchtlingskindern \u2013 Amaro Kher K\u00f6ln<\/li>\n<li><a href=\"http:\/\/www.romev.de\/wp-content\/uploads\/Schriftliche_Hausarbeit_im_Rahmen_der_ersten_Staatspr\u00fcfung_von_Marina_Wagner-Sanders.pdf\" target=\"_blank\" rel=\"noopener noreferrer\">Aspekte der Integration und Inklusion von Minderheiten im deutschen Bildungssystem am Beispiel der Sinti und Roma<\/a><br \/>\nSchriftliche Hausarbeit im Rahmen der ersten Staatspr\u00fcfung f\u00fcr das Lehramt an Gesamt-, Haupt-, und Realschulen,<br \/>\ndem Landespr\u00fcfungsamt f\u00fcr Erste Staatspr\u00fcfungen f\u00fcr Lehr\u00e4mter an Schulen<br \/>\nvorgelegt von MarinaMarina Wagner-Sanders<\/li>\n<\/ul>\n","protected":false},"excerpt":{"rendered":"<p>Flyer \u201eRomBuK \u2013Bildung und Kultur im Rom e.V.\u201c \u201eIch kann \u00fcber\u2018s Feuer springen!\u201c Ein Projekt zur Resilienzf\u00f6rderung von Roma-Fl\u00fcchtlingskindern \u2013 Amaro Kher K\u00f6ln Aspekte der Integration und Inklusion von Minderheiten&#8230;<\/p>\n","protected":false},"author":1965,"featured_media":0,"parent":0,"menu_order":0,"comment_status":"closed","ping_status":"closed","template":"","meta":{"footnotes":""},"class_list":["post-1847","page","type-page","status-publish"],"_links":{"self":[{"href":"https:\/\/www.romev.de\/index.php?rest_route=\/wp\/v2\/pages\/1847","targetHints":{"allow":["GET"]}}],"collection":[{"href":"https:\/\/www.romev.de\/index.php?rest_route=\/wp\/v2\/pages"}],"about":[{"href":"https:\/\/www.romev.de\/index.php?rest_route=\/wp\/v2\/types\/page"}],"author":[{"embeddable":true,"href":"https:\/\/www.romev.de\/index.php?rest_route=\/wp\/v2\/users\/1965"}],"replies":[{"embeddable":true,"href":"https:\/\/www.romev.de\/index.php?rest_route=%2Fwp%2Fv2%2Fcomments&post=1847"}],"version-history":[{"count":11,"href":"https:\/\/www.romev.de\/index.php?rest_route=\/wp\/v2\/pages\/1847\/revisions"}],"predecessor-version":[{"id":3359,"href":"https:\/\/www.romev.de\/index.php?rest_route=\/wp\/v2\/pages\/1847\/revisions\/3359"}],"wp:attachment":[{"href":"https:\/\/www.romev.de\/index.php?rest_route=%2Fwp%2Fv2%2Fmedia&parent=1847"}],"curies":[{"name":"wp","href":"https:\/\/api.w.org\/{rel}","templated":true}]}}