{"id":197,"date":"2013-11-09T01:38:31","date_gmt":"2013-11-08T23:38:31","guid":{"rendered":"http:\/\/www.amaro-kher.de\/romev\/?page_id=197"},"modified":"2026-01-14T16:41:49","modified_gmt":"2026-01-14T15:41:49","slug":"vorstand-und-mitarbeiter","status":"publish","type":"page","link":"https:\/\/www.romev.de\/?page_id=197","title":{"rendered":"Vorstand und Leitungsteam"},"content":{"rendered":"<p><strong>Sprecher:innen des Rom e.V.<\/strong><\/p>\n<ul style=\"list-style-type: square;\">\n<li>1. Sprecher: Ru\u017edija Sejdovi\u0107<\/li>\n<li>2. Sprecherin: Simone Treis<\/li>\n<\/ul>\n<p class=\"x_MsoNormal\"><strong>Weitere Vorstandsmitglieder:<\/strong><\/p>\n<ul style=\"list-style-type: square;\">\n<li>Ossi Helling<\/li>\n<li>Selma Idrizi<\/li>\n<li>Redjep Jashari<\/li>\n<li>Elisabeth Klesse<\/li>\n<li>Sead Memeti<\/li>\n<li>Doris Schmitz<\/li>\n<\/ul>\n<p class=\"x_MsoNormal\"><strong>Gesch\u00e4ftsf\u00fchrung:<\/strong><\/p>\n<ul style=\"list-style-type: square;\">\n<li class=\"x_MsoNormal\">Marion Kr\u00e4mer<\/li>\n<\/ul>\n<p class=\"x_MsoNormal\"><strong>Verwaltung:<\/strong><\/p>\n<ul style=\"list-style-type: square;\">\n<li class=\"x_MsoNormal\">Sanela Kurtovic<\/li>\n<li class=\"x_MsoNormal\">Olga Vogel<\/li>\n<\/ul>\n<p class=\"x_MsoNormal\"><strong>Projektleiter:innen:<\/strong><\/p>\n<ul style=\"list-style-type: square;\">\n<li>Ruza Andlar (Amaro Kher)<\/li>\n<li>Orhan Ismaili (Amen Ushta)<\/li>\n<li>Zhana Kazakova (Angle Dikhas)<\/li>\n<li>Mariia Olenchenko (Sozial-, Gefl\u00fcchteten- und Integrationsberatung)<\/li>\n<li>Mira Saar (KiTa &amp; Familienzentrum Amaro Kher)<\/li>\n<li>Lisa Willnecker (RomBuK)<\/li>\n<\/ul>\n","protected":false},"excerpt":{"rendered":"<p>Sprecher:innen des Rom e.V. 1. Sprecher: Ru\u017edija Sejdovi\u0107 2. Sprecherin: Simone Treis Weitere Vorstandsmitglieder: Ossi Helling Selma Idrizi Redjep Jashari Elisabeth Klesse Sead Memeti Doris Schmitz Gesch\u00e4ftsf\u00fchrung: Marion Kr\u00e4mer Verwaltung:&#8230;<\/p>\n","protected":false},"author":1965,"featured_media":0,"parent":116,"menu_order":0,"comment_status":"closed","ping_status":"closed","template":"page-sidebar.php","meta":{"footnotes":""},"class_list":["post-197","page","type-page","status-publish"],"_links":{"self":[{"href":"https:\/\/www.romev.de\/index.php?rest_route=\/wp\/v2\/pages\/197","targetHints":{"allow":["GET"]}}],"collection":[{"href":"https:\/\/www.romev.de\/index.php?rest_route=\/wp\/v2\/pages"}],"about":[{"href":"https:\/\/www.romev.de\/index.php?rest_route=\/wp\/v2\/types\/page"}],"author":[{"embeddable":true,"href":"https:\/\/www.romev.de\/index.php?rest_route=\/wp\/v2\/users\/1965"}],"replies":[{"embeddable":true,"href":"https:\/\/www.romev.de\/index.php?rest_route=%2Fwp%2Fv2%2Fcomments&post=197"}],"version-history":[{"count":47,"href":"https:\/\/www.romev.de\/index.php?rest_route=\/wp\/v2\/pages\/197\/revisions"}],"predecessor-version":[{"id":6153,"href":"https:\/\/www.romev.de\/index.php?rest_route=\/wp\/v2\/pages\/197\/revisions\/6153"}],"up":[{"embeddable":true,"href":"https:\/\/www.romev.de\/index.php?rest_route=\/wp\/v2\/pages\/116"}],"wp:attachment":[{"href":"https:\/\/www.romev.de\/index.php?rest_route=%2Fwp%2Fv2%2Fmedia&parent=197"}],"curies":[{"name":"wp","href":"https:\/\/api.w.org\/{rel}","templated":true}]}}

<p><strong>Sprecher:innen des Rom e.V.</strong></p>
<ul style="list-style-type: square;">
<li>1. Sprecher: Ruždija Sejdović</li>
<li>2. Sprecherin: Simone Treis</li>
</ul>
<p class="x_MsoNormal"><strong>Weitere Vorstandsmitglieder:</strong></p>
<ul style="list-style-type: square;">
<li>Ossi Helling</li>
<li>Selma Idrizi</li>
<li>Redjep Jashari</li>
<li>Elisabeth Klesse</li>
<li>Sead Memeti</li>
<li>Doris Schmitz</li>
</ul>
<p class="x_MsoNormal"><strong>Geschäftsführung:</strong></p>
<ul style="list-style-type: square;">
<li class="x_MsoNormal">Marion Krämer</li>
</ul>
<p class="x_MsoNormal"><strong>Verwaltung:</strong></p>
<ul style="list-style-type: square;">
<li class="x_MsoNormal">Sanela Kurtovic</li>
<li class="x_MsoNormal">Olga Vogel</li>
</ul>
<p class="x_MsoNormal"><strong>Projektleiter:innen:</strong></p>
<ul style="list-style-type: square;">
<li>Ruza Andlar (Amaro Kher)</li>
<li>Orhan Ismaili (Amen Ushta)</li>
<li>Zhana Kazakova (Angle Dikhas)</li>
<li>Mariia Olenchenko (Sozial-, Geflüchteten- und Integrationsberatung)</li>
<li>Mira Saar (KiTa &amp; Familienzentrum Amaro Kher)</li>
<li>Lisa Willnecker (RomBuK)</li>
</ul>

<p>Sprecher:innen des Rom e.V. 1. Sprecher: Ruždija Sejdović 2. Sprecherin: Simone Treis Weitere Vorstandsmitglieder: Ossi Helling Selma Idrizi Redjep Jashari Elisabeth Klesse Sead Memeti Doris Schmitz Geschäftsführung: Marion Krämer Verwaltung:&#8230;</p>
