{"id":1970,"date":"2015-02-03T08:06:46","date_gmt":"2015-02-03T07:06:46","guid":{"rendered":"http:\/\/www.romev.de\/?page_id=1970"},"modified":"2026-01-14T16:52:39","modified_gmt":"2026-01-14T15:52:39","slug":"1970-2","status":"publish","type":"page","link":"https:\/\/www.romev.de\/?page_id=1970","title":{"rendered":"Amen Ushta"},"content":{"rendered":"<p style=\"padding-left: 40px;\"><strong>Orhan Ismaili &#8211; Projektleitung<br \/>\n<\/strong><strong>E-mail: <\/strong>amen.ushta@romev.de<strong><br \/>\n<\/strong><strong>Tel.: <\/strong>0160-5673158<\/p>\n<p>Bei Amen Ushta, \u201cWir stehen auf\u201c, geht es um die schulische F\u00f6rderung von Roma-Fl\u00fcchtlings-Kindern und von Kindern aus bulgarischen und rum\u00e4nischen Familien, die im rechtsrheinischen K\u00f6ln leben.<\/p>\n<p>Es ist an drei bis vier ausgew\u00e4hlten rechtsrheinischen Grundschulen angesiedelt und bezieht sich direkt auf die gesetzliche Verpflichtung der Schulen zur Inklusion. Armut, unsicherer Aufenthalt, katastrophale Wohnsituationen, mangelnde Sprachkenntnisse und Ablehnung durch die Mehrheitsgesellschaft unterst\u00fctzen eine erfolgreiche Schulkarriere bekanntlich nicht. Durch verst\u00e4rkte Zuwanderung von EU-B\u00fcrger:innen aus S\u00fcdosteuropa erh\u00f6hte sich die Zahl der unterst\u00fctzungsbed\u00fcrftigen Kinder und Jugendlichen.<\/p>\n<p>In einem ersten Schritt analysieren wir, das Team von Amen Ushta, nach Hospitationen in den Klassen und spielerischen Tests die aktuelle Situation. So beobachten wir die sozialen, k\u00f6rperlichen und schulischen Kompetenzen der Kinder. Bei Hausbesuchen lernen wir die Lebensumst\u00e4nde der Familien kennen. Nun entwickeln wir in enger Absprache mit allen Beteiligten (Schulen, Jugendhilfeeinrichtungen) einen ma\u00dfgeschneiderten F\u00f6rderplan f\u00fcr die Kinder und, wenn es n\u00f6tig ist, einen Hilfeplan f\u00fcr die Familien. Bei regelm\u00e4\u00dfigen Treffen dokumentieren wir die Fortschritte \u201eunserer\u201c Familien und passen unsere F\u00f6rderung und Hilfen an.<\/p>\n<ul>\n<li><strong>Mediation: <\/strong>Unter Mediation verstehen wir sehr viel mehr als Streitschlichtung. Wenn es n\u00f6tig ist, begleiten wir die Kinder unterst\u00fctzend im Unterricht. Ziel ist es, Selbstbewusstsein und Lernmotivation zu steigern und Schulabsentismus zu verringern<\/li>\n<li><strong>Familienarbeit:<\/strong> Wir unterst\u00fctzen die Familien bei allen sozialen, gesundheitlichen und schulischen Fragen und helfen Neub\u00fcrgern bei allen existenziellen Problemen. Wir fungieren wir als Mittler zwischen den Familien und den Institutionen und Beh\u00f6rden und wir f\u00f6rdern gezielt die Verbindung zu den Schulen. Die Eltern fassen \u00fcber unsere Vermittlung Vertrauen zum deutschen Bildungssystem und k\u00fcmmern sich aktiv um die Schulkarriere ihrer Kinder!<\/li>\n<li><strong>Deutschf\u00f6rderung:<\/strong> Sprache muss gesprochen werden. W\u00e4hrend des Schullalltages bleibt oft wenig Raum f\u00fcr die notwendigen Bed\u00fcrfnisse von Neulernern. Mit \u00dcbungen zum H\u00f6rverstehen, Sprechtraining, zum freien Sprechen zu vorgegebenen Themen und dem Erlernen fester Phrasen st\u00e4rken wir die Sprachkompetenz der Kinder.<\/li>\n<\/ul>\n<p>&nbsp;<\/p>\n","protected":false},"excerpt":{"rendered":"<p>Orhan Ismaili &#8211; Projektleitung E-mail: amen.ushta@romev.de Tel.: 0160-5673158 Bei Amen Ushta, \u201cWir stehen auf\u201c, geht es um die schulische F\u00f6rderung von Roma-Fl\u00fcchtlings-Kindern und von Kindern aus bulgarischen und rum\u00e4nischen Familien,&#8230;<\/p>\n","protected":false},"author":1965,"featured_media":0,"parent":0,"menu_order":0,"comment_status":"closed","ping_status":"closed","template":"page-sidebar.php","meta":{"footnotes":""},"class_list":["post-1970","page","type-page","status-publish"],"_links":{"self":[{"href":"https:\/\/www.romev.de\/index.php?rest_route=\/wp\/v2\/pages\/1970","targetHints":{"allow":["GET"]}}],"collection":[{"href":"https:\/\/www.romev.de\/index.php?rest_route=\/wp\/v2\/pages"}],"about":[{"href":"https:\/\/www.romev.de\/index.php?rest_route=\/wp\/v2\/types\/page"}],"author":[{"embeddable":true,"href":"https:\/\/www.romev.de\/index.php?rest_route=\/wp\/v2\/users\/1965"}],"replies":[{"embeddable":true,"href":"https:\/\/www.romev.de\/index.php?rest_route=%2Fwp%2Fv2%2Fcomments&post=1970"}],"version-history":[{"count":23,"href":"https:\/\/www.romev.de\/index.php?rest_route=\/wp\/v2\/pages\/1970\/revisions"}],"predecessor-version":[{"id":6162,"href":"https:\/\/www.romev.de\/index.php?rest_route=\/wp\/v2\/pages\/1970\/revisions\/6162"}],"wp:attachment":[{"href":"https:\/\/www.romev.de\/index.php?rest_route=%2Fwp%2Fv2%2Fmedia&parent=1970"}],"curies":[{"name":"wp","href":"https:\/\/api.w.org\/{rel}","templated":true}]}}