{"id":2514,"date":"2016-11-27T23:49:18","date_gmt":"2016-11-27T22:49:18","guid":{"rendered":"http:\/\/www.romev.de\/?page_id=2514"},"modified":"2022-10-05T22:00:05","modified_gmt":"2022-10-05T21:00:05","slug":"angle-dikhas","status":"publish","type":"page","link":"https:\/\/www.romev.de\/?page_id=2514","title":{"rendered":"Agle Dikhas"},"content":{"rendered":"[vc_row type=&#8220;in_container&#8220; full_screen_row_position=&#8220;middle&#8220; column_margin=&#8220;default&#8220; scene_position=&#8220;center&#8220; text_color=&#8220;dark&#8220; text_align=&#8220;left&#8220; overlay_strength=&#8220;0.3&#8243; shape_divider_position=&#8220;bottom&#8220; bg_image_animation=&#8220;none&#8220;][vc_column column_padding=&#8220;no-extra-padding&#8220; column_padding_position=&#8220;all&#8220; background_color_opacity=&#8220;1&#8243; background_hover_color_opacity=&#8220;1&#8243; column_link_target=&#8220;_self&#8220; column_shadow=&#8220;none&#8220; column_border_radius=&#8220;none&#8220; width=&#8220;1\/1&#8243; tablet_width_inherit=&#8220;default&#8220; tablet_text_alignment=&#8220;default&#8220; phone_text_alignment=&#8220;default&#8220; overlay_strength=&#8220;0.3&#8243; column_border_width=&#8220;none&#8220; column_border_style=&#8220;solid&#8220; bg_image_animation=&#8220;none&#8220;][vc_column_text]\n<p style=\"padding-left: 40px;\"><strong>Zhana Kazakova -Projektleitung<br \/>\n<\/strong><strong>E-mail: <\/strong><a href=\"mailto:zhana.kazakova@romev.de\">zhana.kazakova@romev.de<\/a><br \/>\n<strong>Tel.: <\/strong>0176 200 984 68<\/p>\n<p>&nbsp;<\/p>\n<p>Das p\u00e4dagogische Projekt \u201eAngle Dikhas\u201c richtet sich an Sch\u00fcler:innen mit Roma Hintergrund aus S\u00fcdosteuropa von Beginn der SEK I bis zum \u00dcbergang Schule-Beruf (im Rahmen der Landesinitiative KAoA).<\/p>\n<p>Ziel ist es, durch Elternbegleitung, Schulmediation und \u00dcbersetzung, den Kindern und Jugendlichen, als auch ihren Eltern, \u00a0eine sozialp\u00e4dagogische Beratung und Begleitung anzubieten, um den Einstieg in die Sekundarschule und den regelm\u00e4\u00dfigen Schulbesuch zu unterst\u00fctzen.<\/p>\n<p>Durch den erleichterten Zugang zu den Bildungs- und Ausbildungsm\u00f6glichkeiten k\u00f6nnen die Kinder und Jugendlichen und ihre Familien Perspektiven f\u00fcr sich erkennen und M\u00f6glichkeiten der gesellschaftlichen Teilhabe erfahren.<\/p>\n<p>Das Projekt \u201eAngle Dikhas\u201c wurde von 2016 bis 2019 als EFS-Modellprojekt gef\u00f6rdert und ist ab Januar 2020 durch die Stadt K\u00f6ln finanziert.<\/p>\n<p>In Abstimmung mit dem Schulamt f\u00fcr die Stadt K\u00f6ln werden die Kooperationsschulen ausgew\u00e4hlt, mit denen \u201eAngle Dikhas\u201c nach einem Rotationsprinzip arbeitet.<\/p>\n<p>Zurzeit ist \u201eAngle Dikhas\u201c an vier Schulen fest angebunden:<\/p>\n<ol>\n<li>Hauptschule Kopernikus, Bonner Str. 40, 51145 K\u00f6ln (Porz Eil)<\/li>\n<li>FS Wilhelm-Leyendecker-Schule, Leyendeckerstra\u00dfe 20-24, 50825 K\u00f6ln<\/li>\n<li>GHS Gustav-Heinemann, Karl-Marx-Allee 3, 50769 K\u00f6ln<\/li>\n<li>F\u00f6rderschule Soldinerstra\u00dfe, Soldiner Str. 68, 50767 K\u00f6ln<\/li>\n<\/ol>\n<p>&nbsp;<\/p>\n<p><strong>Alisa Ehlert-Memeti <\/strong>(Schulmediatorin\/\u00dcbersetzerin)<br \/>\nE-Mail: <a href=\"mailto:alisa.ehlert@romev.de\">alisa.ehlert@romev.de<\/a><br \/>\nTel.: 0176\u00a0 200 984 60<\/p>\n<p><strong><br \/>\nRuzdija Sejdovic <\/strong>(Schulmediator\/\u00dcbersetzer)<br \/>\nE-Mail: <a href=\"mailto:ruzdija.sejdovic@romev.de\">ruzdija.sejdovic@romev.de<\/a><br \/>\nTel.: 0176 200 984 66[\/vc_column_text][\/vc_column][\/vc_row][vc_row type=&#8220;in_container&#8220; full_screen_row_position=&#8220;middle&#8220; column_margin=&#8220;default&#8220; scene_position=&#8220;center&#8220; text_color=&#8220;dark&#8220; text_align=&#8220;left&#8220; disable_element=&#8220;yes&#8220; overlay_strength=&#8220;0.3&#8243; shape_divider_position=&#8220;bottom&#8220; bg_image_animation=&#8220;none&#8220; shape_type=&#8220;&#8220;][vc_column column_padding=&#8220;no-extra-padding&#8220; column_padding_position=&#8220;all&#8220; background_color_opacity=&#8220;1&#8243; background_hover_color_opacity=&#8220;1&#8243; column_link_target=&#8220;_self&#8220; column_shadow=&#8220;none&#8220; column_border_radius=&#8220;none&#8220; width=&#8220;1\/2&#8243; tablet_width_inherit=&#8220;default&#8220; tablet_text_alignment=&#8220;default&#8220; phone_text_alignment=&#8220;default&#8220; overlay_strength=&#8220;0.3&#8243; column_border_width=&#8220;none&#8220; column_border_style=&#8220;solid&#8220; bg_image_animation=&#8220;none&#8220;][image_with_animation image_url=&#8220;4023&#8243; alignment=&#8220;&#8220; animation=&#8220;None&#8220; hover_animation=&#8220;none&#8220; border_radius=&#8220;none&#8220; box_shadow=&#8220;none&#8220; image_loading=&#8220;default&#8220; max_width=&#8220;100%&#8220; max_width_mobile=&#8220;default&#8220;][vc_column_text]<b>Stadt K\u00f6ln &#8211; Amt f\u00fcr Kinder, Jugend und Familie<\/b>[\/vc_column_text][vc_row_inner column_margin=&#8220;default&#8220; text_align=&#8220;left&#8220;][vc_column_inner column_padding=&#8220;no-extra-padding&#8220; column_padding_position=&#8220;all&#8220; background_color_opacity=&#8220;1&#8243; background_hover_color_opacity=&#8220;1&#8243; column_shadow=&#8220;none&#8220; column_border_radius=&#8220;none&#8220; column_link_target=&#8220;_self&#8220; width=&#8220;1\/1&#8243; tablet_width_inherit=&#8220;default&#8220; overlay_strength=&#8220;0.3&#8243; column_border_width=&#8220;none&#8220; column_border_style=&#8220;solid&#8220; bg_image_animation=&#8220;none&#8220;][image_with_animation image_url=&#8220;4022&#8243; alignment=&#8220;&#8220; animation=&#8220;None&#8220; hover_animation=&#8220;none&#8220; border_radius=&#8220;none&#8220; box_shadow=&#8220;none&#8220; image_loading=&#8220;default&#8220; max_width=&#8220;50%&#8220; max_width_mobile=&#8220;default&#8220;][vc_column_text]<b>Bezirksregierung K\u00f6ln &amp; Schulamt f\u00fcr die Stadt K\u00f6ln<\/b>[\/vc_column_text][\/vc_column_inner][\/vc_row_inner][\/vc_column][vc_column column_padding=&#8220;no-extra-padding&#8220; column_padding_position=&#8220;all&#8220; background_color_opacity=&#8220;1&#8243; background_hover_color_opacity=&#8220;1&#8243; column_link_target=&#8220;_self&#8220; column_shadow=&#8220;none&#8220; column_border_radius=&#8220;none&#8220; width=&#8220;1\/2&#8243; tablet_width_inherit=&#8220;default&#8220; tablet_text_alignment=&#8220;default&#8220; phone_text_alignment=&#8220;default&#8220; overlay_strength=&#8220;0.3&#8243; column_border_width=&#8220;none&#8220; column_border_style=&#8220;solid&#8220; bg_image_animation=&#8220;none&#8220;][\/vc_column][\/vc_row][vc_row type=&#8220;in_container&#8220; full_screen_row_position=&#8220;middle&#8220; column_margin=&#8220;default&#8220; scene_position=&#8220;center&#8220; text_color=&#8220;dark&#8220; text_align=&#8220;left&#8220; disable_element=&#8220;yes&#8220; overlay_strength=&#8220;0.3&#8243; shape_divider_position=&#8220;bottom&#8220; bg_image_animation=&#8220;none&#8220; shape_type=&#8220;&#8220;][vc_column column_padding=&#8220;no-extra-padding&#8220; column_padding_position=&#8220;all&#8220; background_color_opacity=&#8220;1&#8243; background_hover_color_opacity=&#8220;1&#8243; column_link_target=&#8220;_self&#8220; column_shadow=&#8220;none&#8220; column_border_radius=&#8220;none&#8220; width=&#8220;1\/1&#8243; tablet_width_inherit=&#8220;default&#8220; tablet_text_alignment=&#8220;default&#8220; phone_text_alignment=&#8220;default&#8220; overlay_strength=&#8220;0.3&#8243; column_border_width=&#8220;none&#8220; column_border_style=&#8220;solid&#8220; bg_image_animation=&#8220;none&#8220;][vc_column_text]\n<hr \/>\n<p>Projektflyer zum Download<\/p>\n<p><a href=\"https:\/\/www.romev.de\/wp-content\/uploads\/ANGLE-DIKHAS-Deutsch.pdf\" target=\"_blank\" rel=\"noopener noreferrer\">Deutsch<\/a> \u0399 <a href=\"https:\/\/www.romev.de\/wp-content\/uploads\/ANGLE-DIKHAS-romanes.pdf\" target=\"_blank\" rel=\"noopener noreferrer\">Romanes<\/a> \u0399\u00a0<a href=\"https:\/\/www.romev.de\/wp-content\/uploads\/ANGLE-DIKHAS-Bulgarisch.pdf\" target=\"_blank\" rel=\"noopener noreferrer\">Bulgarisch<\/a> \u0399\u00a0<a href=\"https:\/\/www.romev.de\/wp-content\/uploads\/ANGLE-DIKHAS-serbisch.pdf\" target=\"_blank\" rel=\"noopener noreferrer\">Serbisch<\/a><\/p>\n<p>Weitere Informationen:<\/p>\n<p><a href=\"http:\/\/www.romev.de\/?page_id=2657\">Pressemitteilung<\/a>[\/vc_column_text][\/vc_column][\/vc_row]\n","protected":false},"excerpt":{"rendered":"<p>[vc_row type=&#8220;in_container&#8220; full_screen_row_position=&#8220;middle&#8220; column_margin=&#8220;default&#8220; scene_position=&#8220;center&#8220; text_color=&#8220;dark&#8220; text_align=&#8220;left&#8220; overlay_strength=&#8220;0.3&#8243; shape_divider_position=&#8220;bottom&#8220; bg_image_animation=&#8220;none&#8220;][vc_column column_padding=&#8220;no-extra-padding&#8220; column_padding_position=&#8220;all&#8220; background_color_opacity=&#8220;1&#8243; background_hover_color_opacity=&#8220;1&#8243; column_link_target=&#8220;_self&#8220; column_shadow=&#8220;none&#8220; column_border_radius=&#8220;none&#8220; width=&#8220;1\/1&#8243; tablet_width_inherit=&#8220;default&#8220; tablet_text_alignment=&#8220;default&#8220; phone_text_alignment=&#8220;default&#8220; overlay_strength=&#8220;0.3&#8243; column_border_width=&#8220;none&#8220; column_border_style=&#8220;solid&#8220; bg_image_animation=&#8220;none&#8220;][vc_column_text] Zhana Kazakova -Projektleitung E-mail: zhana.kazakova@romev.de&#8230;<\/p>\n","protected":false},"author":1965,"featured_media":0,"parent":1332,"menu_order":0,"comment_status":"closed","ping_status":"closed","template":"page-sidebar.php","meta":{"footnotes":""},"class_list":["post-2514","page","type-page","status-publish"],"_links":{"self":[{"href":"https:\/\/www.romev.de\/index.php?rest_route=\/wp\/v2\/pages\/2514","targetHints":{"allow":["GET"]}}],"collection":[{"href":"https:\/\/www.romev.de\/index.php?rest_route=\/wp\/v2\/pages"}],"about":[{"href":"https:\/\/www.romev.de\/index.php?rest_route=\/wp\/v2\/types\/page"}],"author":[{"embeddable":true,"href":"https:\/\/www.romev.de\/index.php?rest_route=\/wp\/v2\/users\/1965"}],"replies":[{"embeddable":true,"href":"https:\/\/www.romev.de\/index.php?rest_route=%2Fwp%2Fv2%2Fcomments&post=2514"}],"version-history":[{"count":32,"href":"https:\/\/www.romev.de\/index.php?rest_route=\/wp\/v2\/pages\/2514\/revisions"}],"predecessor-version":[{"id":4744,"href":"https:\/\/www.romev.de\/index.php?rest_route=\/wp\/v2\/pages\/2514\/revisions\/4744"}],"up":[{"embeddable":true,"href":"https:\/\/www.romev.de\/index.php?rest_route=\/wp\/v2\/pages\/1332"}],"wp:attachment":[{"href":"https:\/\/www.romev.de\/index.php?rest_route=%2Fwp%2Fv2%2Fmedia&parent=2514"}],"curies":[{"name":"wp","href":"https:\/\/api.w.org\/{rel}","templated":true}]}}