{"id":34,"date":"2013-11-04T13:38:50","date_gmt":"2013-11-04T11:38:50","guid":{"rendered":"http:\/\/www.amaro-kher.de\/romev\/?page_id=34"},"modified":"2022-10-06T00:04:54","modified_gmt":"2022-10-05T23:04:54","slug":"der-kindergarten-fuer-roma-kinder","status":"publish","type":"page","link":"https:\/\/www.romev.de\/?page_id=34","title":{"rendered":"Amaro Kher KiTa"},"content":{"rendered":"[vc_row type=&#8220;in_container&#8220; full_screen_row_position=&#8220;middle&#8220; column_margin=&#8220;default&#8220; scene_position=&#8220;center&#8220; text_color=&#8220;dark&#8220; text_align=&#8220;left&#8220; overlay_strength=&#8220;0.3&#8243; shape_divider_position=&#8220;bottom&#8220; bg_image_animation=&#8220;none&#8220;][vc_column column_padding=&#8220;no-extra-padding&#8220; column_padding_position=&#8220;all&#8220; background_color_opacity=&#8220;1&#8243; background_hover_color_opacity=&#8220;1&#8243; column_link_target=&#8220;_self&#8220; column_shadow=&#8220;none&#8220; column_border_radius=&#8220;none&#8220; width=&#8220;1\/1&#8243; tablet_width_inherit=&#8220;default&#8220; tablet_text_alignment=&#8220;default&#8220; phone_text_alignment=&#8220;default&#8220; overlay_strength=&#8220;0.3&#8243; column_border_width=&#8220;none&#8220; column_border_style=&#8220;solid&#8220; bg_image_animation=&#8220;none&#8220;][vc_column_text]<strong>Kontakt<\/strong><\/p>\n<p style=\"padding-left: 40px;\"><a href=\"mailto:kita@amaro-kher.de\">kita@amaro-kher.de<\/a><br \/>\n<strong>Telefon: 0221 3558176<\/strong><\/p>\n<p>Die Kindertagesst\u00e4tte von Amaro Kher wurde 2006 gegr\u00fcndet und ist seit 2011 ein zertifiziertes Familienzentrum. Kita und das FamZ von Amaro Kher fokussiert auf die Unterst\u00fctzung von Gefl\u00fcchteten und Zuwanderern, die oft durch Rassismus und Diskriminierung, Kriegserlebnisse und Fluchterfahrungen traumatisiert sind\u00a0oder einen gesonderten Aufenthaltsstatus haben.<\/p>\n<p>Seit August 2016 richten wir uns nicht nur an Rom:nja und Sinti:ze-Familien sondern allgemein auf Familien mit Fluchterfahrung oder aus EU L\u00e4ndern zugewanderte Familien. Das hei\u00dft, gefl\u00fcchtete und zugewanderte Kinder k\u00f6nnen unabh\u00e4ngig vom Herkunftsland und Aufenthaltsstatus das Familienzentrum Amaro Kher besuchen. Dar\u00fcber hinaus k\u00f6nnen alle Familien, also eben auch die aus unserem direkten Sozialraum, an den Angeboten unseres Familienzentrums teilhaben. Die gesamte Gruppe erlebt nun die kulturelle Vielfalt im Kita-Alltag. Durch die interkulturelle Interaktion im Alltag erhalten alle Beteiligten die M\u00f6glichkeit, sich sowohl mit der eigenen Kultur st\u00e4rker auseinanderzusetzen als auch fremde Kulturen kennenzulernen. So nutzt und unterst\u00fctzt das Kita-Team die kulturelle Diversit\u00e4t.<\/p>\n<p><strong>Zur P\u00e4dagogischen Arbeit: <\/strong><\/p>\n<p>In der Kindertagesst\u00e4tte und dem Familienzentrum Amaro Kher k\u00f6nnen maximal 22 Kinder von 2 bis 6 Jahren betreut werden. Das Spiel-und Betreuungsangebot im Kindergarten gibt ihnen die M\u00f6glichkeit altersentspre\u00adchende emotionale, soziale, k\u00f6rperliche, kognitive, und sprachliche Erfahrungen zu machen. Die Kinder finden hier einen sicheren und zuverl\u00e4ssigen (Schutz)raum, der einen Ausgleich zu den beengten und unsicheren Lebensverh\u00e4ltnissen der Fl\u00fcchtlingsfamilien schafft.<\/p>\n<p>Die intensive und regelm\u00e4\u00dfige Elternarbeit baut Vertrauen zwischen Familien und Mitarbei\u00adter:innen aus; das ist die notwendige Basis, um die Kinder au\u00dferhalb der Familien betreuen zu lassen. Die Arbeit wird durch den Einsatz muttersprachlicher Ansprechpartner:innen un\u00adterst\u00fctzt. Unser Team besteht aus den verschiedensten p\u00e4dagogischen Fach- und Erg\u00e4n\u00adzungskr\u00e4ften.<\/p>\n<p>Die Kinder erleben neben einem <strong>abwechslungsreichen Kita-Alltag vielf\u00e4ltige F\u00f6rderangebote<\/strong>, wie z.B.:<\/p>\n<ul>\n<li>Motop\u00e4die:<\/li>\n<li>Schwimmkurs:<\/li>\n<li>Logop\u00e4die:<\/li>\n<li>Family-Programm (Vorschularbeit)<\/li>\n<li>Sozialraum-Erkundung<\/li>\n<li>Familienzentrum<\/li>\n<\/ul>\n[\/vc_column_text][\/vc_column][\/vc_row]\n","protected":false},"excerpt":{"rendered":"<p>[vc_row type=&#8220;in_container&#8220; full_screen_row_position=&#8220;middle&#8220; column_margin=&#8220;default&#8220; scene_position=&#8220;center&#8220; text_color=&#8220;dark&#8220; text_align=&#8220;left&#8220; overlay_strength=&#8220;0.3&#8243; shape_divider_position=&#8220;bottom&#8220; bg_image_animation=&#8220;none&#8220;][vc_column column_padding=&#8220;no-extra-padding&#8220; column_padding_position=&#8220;all&#8220; background_color_opacity=&#8220;1&#8243; background_hover_color_opacity=&#8220;1&#8243; column_link_target=&#8220;_self&#8220; column_shadow=&#8220;none&#8220; column_border_radius=&#8220;none&#8220; width=&#8220;1\/1&#8243; tablet_width_inherit=&#8220;default&#8220; tablet_text_alignment=&#8220;default&#8220; phone_text_alignment=&#8220;default&#8220; overlay_strength=&#8220;0.3&#8243; column_border_width=&#8220;none&#8220; column_border_style=&#8220;solid&#8220; bg_image_animation=&#8220;none&#8220;][vc_column_text]Kontakt kita@amaro-kher.de Telefon: 0221 3558176 Die&#8230;<\/p>\n","protected":false},"author":1965,"featured_media":3455,"parent":29,"menu_order":2,"comment_status":"closed","ping_status":"closed","template":"page-sidebar.php","meta":{"footnotes":""},"class_list":["post-34","page","type-page","status-publish","has-post-thumbnail"],"_links":{"self":[{"href":"https:\/\/www.romev.de\/index.php?rest_route=\/wp\/v2\/pages\/34","targetHints":{"allow":["GET"]}}],"collection":[{"href":"https:\/\/www.romev.de\/index.php?rest_route=\/wp\/v2\/pages"}],"about":[{"href":"https:\/\/www.romev.de\/index.php?rest_route=\/wp\/v2\/types\/page"}],"author":[{"embeddable":true,"href":"https:\/\/www.romev.de\/index.php?rest_route=\/wp\/v2\/users\/1965"}],"replies":[{"embeddable":true,"href":"https:\/\/www.romev.de\/index.php?rest_route=%2Fwp%2Fv2%2Fcomments&post=34"}],"version-history":[{"count":25,"href":"https:\/\/www.romev.de\/index.php?rest_route=\/wp\/v2\/pages\/34\/revisions"}],"predecessor-version":[{"id":4727,"href":"https:\/\/www.romev.de\/index.php?rest_route=\/wp\/v2\/pages\/34\/revisions\/4727"}],"up":[{"embeddable":true,"href":"https:\/\/www.romev.de\/index.php?rest_route=\/wp\/v2\/pages\/29"}],"wp:featuredmedia":[{"embeddable":true,"href":"https:\/\/www.romev.de\/index.php?rest_route=\/wp\/v2\/media\/3455"}],"wp:attachment":[{"href":"https:\/\/www.romev.de\/index.php?rest_route=%2Fwp%2Fv2%2Fmedia&parent=34"}],"curies":[{"name":"wp","href":"https:\/\/api.w.org\/{rel}","templated":true}]}}