{"id":3541,"date":"2020-06-12T10:23:16","date_gmt":"2020-06-12T09:23:16","guid":{"rendered":"https:\/\/www.romev.de\/?page_id=3541"},"modified":"2020-06-13T01:23:32","modified_gmt":"2020-06-13T00:23:32","slug":"rombuk-bildung-und-kultur-im-rom-e-v","status":"publish","type":"page","link":"https:\/\/www.romev.de\/?page_id=3541","title":{"rendered":"RomBuK- Bildung und Kultur im Rom e.V."},"content":{"rendered":"[vc_row type=&#8220;in_container&#8220; full_screen_row_position=&#8220;middle&#8220; column_margin=&#8220;default&#8220; scene_position=&#8220;center&#8220; text_color=&#8220;dark&#8220; text_align=&#8220;left&#8220; overlay_strength=&#8220;0.3&#8243; shape_divider_position=&#8220;bottom&#8220; bg_image_animation=&#8220;none&#8220;][vc_column column_padding=&#8220;no-extra-padding&#8220; column_padding_position=&#8220;all&#8220; background_color_opacity=&#8220;1&#8243; background_hover_color_opacity=&#8220;1&#8243; column_link_target=&#8220;_self&#8220; column_shadow=&#8220;none&#8220; column_border_radius=&#8220;none&#8220; width=&#8220;1\/1&#8243; tablet_width_inherit=&#8220;default&#8220; tablet_text_alignment=&#8220;default&#8220; phone_text_alignment=&#8220;default&#8220; overlay_strength=&#8220;0.3&#8243; column_border_width=&#8220;none&#8220; column_border_style=&#8220;solid&#8220; bg_image_animation=&#8220;none&#8220;][vc_column_text]RomBuK \u2013 Bildung und Kultur im Rom e.V. ist ein Projekt, welches seit 2019 von der Stadt K\u00f6ln gef\u00f6rdert wird.<\/p>\n<p>Die zuvor ehrenamtlich gef\u00fchrte Arbeit gegen Antiziganismus sowie die Empowermentarbeit werden nun ausgebaut und in rassismuskritische Bildungsangebote umgesetzt.<\/p>\n<p>Die Basis f\u00fcr die rassismuskritische Bildungsarbeit sowie f\u00fcr die Unterst\u00fctzung von gesellschaftlicher und politischer Teilhabe der Minderheit bilden die Fachbibliothek sowie das Archiv und Dokumentationszentrum des Rom e.V.<\/p>\n<p><a href=\"https:\/\/www.romev.de\/?page_id=3543\">Rassismuskritische Bildungsarbeit und Empowerment<\/a><\/p>\n<p><a href=\"https:\/\/www.romev.de\/?page_id=3545\">Archiv und Dokumentationszentrum \/Bibliotek<\/a><br \/>\n[\/vc_column_text][divider line_type=&#8220;No Line&#8220; custom_height=&#8220;50&#8243;]<div  data-transition=\"swipe\" data-overall_style=\"directional\" data-flexible-height=\"true\" data-animate-in-effect=\"none\" data-fullscreen=\"false\" data-button-sizing=\"regular\" data-button-styling=\"btn_with_count\" data-autorotate=\"5000\" data-parallax=\"false\" data-parallax-disable-mobile=\"\" data-caption-trans=\"fade_in_from_bottom\" data-parallax-style=\"bg_only\" data-bg-animation=\"ken_burns\" data-full-width=\"false\" class=\"nectar-slider-wrap \" id=\"nectar-slider-instance-1\"><div class=\"swiper-container\"  data-tho=\"auto\" data-tco=\"auto\" data-pho=\"auto\" data-pco=\"auto\" data-loop=\"false\" data-height=\"650\" data-min-height=\"\" data-arrows=\"false\" data-bullets=\"false\" data-bullet_style=\"see_through\" data-bullet_position=\"bottom\" data-desktop-swipe=\"false\" data-settings=\"\"> <div class=\"swiper-wrapper\"><div class=\"swiper-slide\" data-desktop-content-width=\"auto\" data-tablet-content-width=\"auto\" data-bg-alignment=\"bottom\" data-color-scheme=\"light\" data-x-pos=\"left\" data-y-pos=\"middle\" ><div class=\"slide-bg-wrap\"><div class=\"image-bg\" data-nectar-img-src=\"https:\/\/www.romev.de\/wp-content\/uploads\/Auftaktveranstaltung-RomBuK_Publikum-2-1.jpg\"> &nbsp; <\/div><\/div><div class=\"container\">\n\t\t\t\t\t\t<div class=\"content\"><p class=\"transparent-bg\" ><span>Auftaktveranstaltung des Projekts RomBuK- Bildung und Kultur im Rom e.V. im Januar 2020.\r\n\u00a9 RomBuK\/Rom e.V.<\/span><\/p><\/div>\n\t\t\t\t\t\t\t\t<\/div><!--\/container--><div class=\"video-texture \"> <span class=\"ie-fix\"><\/span> <\/div><\/div> <!--\/swiper-slide--><div class=\"swiper-slide\" data-desktop-content-width=\"auto\" data-tablet-content-width=\"auto\" data-bg-alignment=\"bottom\" data-color-scheme=\"light\" data-x-pos=\"left\" data-y-pos=\"middle\" ><div class=\"slide-bg-wrap\"><div class=\"image-bg\" data-nectar-img-src=\"https:\/\/www.romev.de\/wp-content\/uploads\/Auftaktveranstaltung_B\u00fcrger_innenrechtsaktivistin-Nizaqete-Bislimi-Ho\u0161o-1.jpg\"> &nbsp; <\/div><\/div><div class=\"container\">\n\t\t\t\t\t\t<div class=\"content\"><p class=\"transparent-bg\" ><span>Auftaktveranstaltung des Projekts RomBuK- Bildung und Kultur im Rom e.V. im Januar 2020.\r\n\u00a9 RomBuK\/Rom e.V.<\/span><\/p><\/div>\n\t\t\t\t\t\t\t\t<\/div><!--\/container--><div class=\"video-texture \"> <span class=\"ie-fix\"><\/span> <\/div><\/div> <!--\/swiper-slide--><div class=\"swiper-slide\" data-desktop-content-width=\"auto\" data-tablet-content-width=\"auto\" data-bg-alignment=\"bottom\" data-color-scheme=\"light\" data-x-pos=\"left\" data-y-pos=\"middle\" ><div class=\"slide-bg-wrap\"><div class=\"image-bg\" data-nectar-img-src=\"https:\/\/www.romev.de\/wp-content\/uploads\/Auftaktveranstaltung-RomBuK_Publikum-1.jpg\"> &nbsp; <\/div><\/div><div class=\"container\">\n\t\t\t\t\t\t<div class=\"content\"><p class=\"transparent-bg\" ><span>Auftaktveranstaltung des Projekts RomBuK- Bildung und Kultur im Rom e.V. im Januar 2020.\r\n\u00a9 RomBuK\/Rom e.V.<\/span><\/p><\/div>\n\t\t\t\t\t\t\t\t<\/div><!--\/container--><div class=\"video-texture \"> <span class=\"ie-fix\"><\/span> <\/div><\/div> <!--\/swiper-slide--><div class=\"swiper-slide\" data-desktop-content-width=\"auto\" data-tablet-content-width=\"auto\" data-bg-alignment=\"bottom\" data-color-scheme=\"light\" data-x-pos=\"left\" data-y-pos=\"middle\" ><div class=\"slide-bg-wrap\"><div class=\"image-bg\" data-nectar-img-src=\"https:\/\/www.romev.de\/wp-content\/uploads\/Auftaktveranstaltung_-Lisa-Willnecker-1.jpg\"> &nbsp; <\/div><\/div><div class=\"container\">\n\t\t\t\t\t\t<div class=\"content\"><p class=\"transparent-bg\" ><span>Auftaktveranstaltung des Projekts RomBuK- Bildung und Kultur im Rom e.V. im Januar 2020.\r\n\u00a9 RomBuK\/Rom e.V.<\/span><\/p><\/div>\n\t\t\t\t\t\t\t\t<\/div><!--\/container--><div class=\"video-texture \"> <span class=\"ie-fix\"><\/span> <\/div><\/div> <!--\/swiper-slide--><div class=\"swiper-slide\" data-desktop-content-width=\"auto\" data-tablet-content-width=\"auto\" data-bg-alignment=\"bottom\" data-color-scheme=\"light\" data-x-pos=\"left\" data-y-pos=\"middle\" ><div class=\"slide-bg-wrap\"><div class=\"image-bg\" data-nectar-img-src=\"https:\/\/www.romev.de\/wp-content\/uploads\/Auftaktveranstaltung_-Ser\u00e7e-Berna-\u00d6znar\u00e7i\u00e7e\u011fi-1.jpg\"> &nbsp; <\/div><\/div><div class=\"container\">\n\t\t\t\t\t\t<div class=\"content\"><p class=\"transparent-bg\" ><span>Auftaktveranstaltung des Projekts RomBuK- Bildung und Kultur im Rom e.V. im Januar 2020.\r\n\u00a9 RomBuK\/Rom e.V.<\/span><\/p><\/div>\n\t\t\t\t\t\t\t\t<\/div><!--\/container--><div class=\"video-texture \"> <span class=\"ie-fix\"><\/span> <\/div><\/div> <!--\/swiper-slide--><div class=\"swiper-slide\" data-desktop-content-width=\"auto\" data-tablet-content-width=\"auto\" data-bg-alignment=\"bottom\" data-color-scheme=\"light\" data-x-pos=\"left\" data-y-pos=\"middle\" ><div class=\"slide-bg-wrap\"><div class=\"image-bg\" data-nectar-img-src=\"https:\/\/www.romev.de\/wp-content\/uploads\/Auftaktveranstaltung_der-K\u00fcnstler-Nedjo-Osman-1.jpg\"> &nbsp; <\/div><\/div><div class=\"container\">\n\t\t\t\t\t\t<div class=\"content\"><p class=\"transparent-bg\" ><span>Auftaktveranstaltung des Projekts RomBuK- Bildung und Kultur im Rom e.V. im Januar 2020.\r\n\u00a9 RomBuK\/Rom e.V.<\/span><\/p><\/div>\n\t\t\t\t\t\t\t\t<\/div><!--\/container--><div class=\"video-texture \"> <span class=\"ie-fix\"><\/span> <\/div><\/div> <!--\/swiper-slide--><div class=\"swiper-slide\" data-desktop-content-width=\"auto\" data-tablet-content-width=\"auto\" data-bg-alignment=\"bottom\" data-color-scheme=\"light\" data-x-pos=\"left\" data-y-pos=\"middle\" ><div class=\"slide-bg-wrap\"><div class=\"image-bg\" data-nectar-img-src=\"https:\/\/www.romev.de\/wp-content\/uploads\/Auftaktveranstaltung_Simone-Treis-Vorstand-Rom-e.V.-1.jpg\"> &nbsp; <\/div><\/div><div class=\"container\">\n\t\t\t\t\t\t<div class=\"content\"><p class=\"transparent-bg\" ><span>Auftaktveranstaltung des Projekts RomBuK- Bildung und Kultur im Rom e.V. im Januar 2020.\r\n\u00a9 RomBuK\/Rom e.V.<\/span><\/p><\/div>\n\t\t\t\t\t\t\t\t<\/div><!--\/container--><div class=\"video-texture \"> <span class=\"ie-fix\"><\/span> <\/div><\/div> <!--\/swiper-slide--><div class=\"swiper-slide\" data-desktop-content-width=\"auto\" data-tablet-content-width=\"auto\" data-bg-alignment=\"bottom\" data-color-scheme=\"light\" data-x-pos=\"left\" data-y-pos=\"middle\" ><div class=\"slide-bg-wrap\"><div class=\"image-bg\" data-nectar-img-src=\"https:\/\/www.romev.de\/wp-content\/uploads\/Filmveranstaltung-Ceija-Stojka-1.jpg\"> &nbsp; <\/div><\/div><div class=\"container\">\n\t\t\t\t\t\t<div class=\"content\"><p class=\"transparent-bg\" ><span>Filmveranstaltung Ceija Stojka.<\/span><\/p><\/div>\n\t\t\t\t\t\t\t\t<\/div><!--\/container--><div class=\"video-texture \"> <span class=\"ie-fix\"><\/span> <\/div><\/div> <!--\/swiper-slide--><div class=\"swiper-slide\" data-desktop-content-width=\"auto\" data-tablet-content-width=\"auto\" data-bg-alignment=\"center\" data-color-scheme=\"light\" data-x-pos=\"left\" data-y-pos=\"middle\" ><div class=\"slide-bg-wrap\"><div class=\"image-bg\" data-nectar-img-src=\"https:\/\/www.romev.de\/wp-content\/uploads\/Vorbereitung-auf-den-Langen-Donnerstag-im-Museum-Ludwig.jpg\"> &nbsp; <\/div><\/div><div class=\"container\">\n\t\t\t\t\t\t<div class=\"content\"><p  ><span> Vorbereitung auf den Langen Donnerstag im Museum Ludwig<\/span><\/p><\/div>\n\t\t\t\t\t\t\t\t<\/div><!--\/container--><div class=\"video-texture \"> <span class=\"ie-fix\"><\/span> <\/div><\/div> <!--\/swiper-slide--><div class=\"swiper-slide\" data-desktop-content-width=\"auto\" data-tablet-content-width=\"auto\" data-bg-alignment=\"bottom\" data-color-scheme=\"light\" data-x-pos=\"left\" data-y-pos=\"middle\" ><div class=\"slide-bg-wrap\"><div class=\"image-bg\" data-nectar-img-src=\"https:\/\/www.romev.de\/wp-content\/uploads\/Langer-Donnerstag-im-Museum-Ludwig_Vera-T\u00f6nsfeldt-1.jpg\"> &nbsp; <\/div><\/div><div class=\"container\">\n\t\t\t\t\t\t<div class=\"content\"><p  ><span>Langer Donnerstag im Museum Ludwig<\/span><\/p><\/div>\n\t\t\t\t\t\t\t\t<\/div><!--\/container--><div class=\"video-texture \"> <span class=\"ie-fix\"><\/span> <\/div><\/div> <!--\/swiper-slide--><div class=\"swiper-slide\" data-desktop-content-width=\"auto\" data-tablet-content-width=\"auto\" data-bg-alignment=\"bottom\" data-color-scheme=\"light\" data-x-pos=\"left\" data-y-pos=\"middle\" ><div class=\"slide-bg-wrap\"><div class=\"image-bg\" data-nectar-img-src=\"https:\/\/www.romev.de\/wp-content\/uploads\/Langer-Donnerstag_Podiumsdiskussion-im-Museum-Ludwig-1.jpg\"> &nbsp; <\/div><\/div><div class=\"container\">\n\t\t\t\t\t\t<div class=\"content\"><p  ><span>Langer Donnerstag im Museum Ludwig<\/span><\/p><\/div>\n\t\t\t\t\t\t\t\t<\/div><!--\/container--><div class=\"video-texture \"> <span class=\"ie-fix\"><\/span> <\/div><\/div> <!--\/swiper-slide--><\/div><a href=\"#\" class=\"slider-prev\"><i class=\"fa fa-angle-left\"><\/i> <\/a>\n\t\t\t\t\t\t<a href=\"#\" class=\"slider-next\"><i class=\"fa fa-angle-right\"><\/i> <\/a><div class=\"nectar-slider-loading \"> <span class=\"loading-icon none\">   <\/span> <\/div> <\/div> \n\t\t\t\t\t\n\t\t\t\t\t<\/div>[\/vc_column][\/vc_row]\n","protected":false},"excerpt":{"rendered":"<p>[vc_row type=&#8220;in_container&#8220; full_screen_row_position=&#8220;middle&#8220; column_margin=&#8220;default&#8220; scene_position=&#8220;center&#8220; text_color=&#8220;dark&#8220; text_align=&#8220;left&#8220; overlay_strength=&#8220;0.3&#8243; shape_divider_position=&#8220;bottom&#8220; bg_image_animation=&#8220;none&#8220;][vc_column column_padding=&#8220;no-extra-padding&#8220; column_padding_position=&#8220;all&#8220; background_color_opacity=&#8220;1&#8243; background_hover_color_opacity=&#8220;1&#8243; column_link_target=&#8220;_self&#8220; column_shadow=&#8220;none&#8220; column_border_radius=&#8220;none&#8220; width=&#8220;1\/1&#8243; tablet_width_inherit=&#8220;default&#8220; tablet_text_alignment=&#8220;default&#8220; phone_text_alignment=&#8220;default&#8220; overlay_strength=&#8220;0.3&#8243; column_border_width=&#8220;none&#8220; column_border_style=&#8220;solid&#8220; bg_image_animation=&#8220;none&#8220;][vc_column_text]RomBuK \u2013 Bildung und Kultur im&#8230;<\/p>\n","protected":false},"author":1965,"featured_media":0,"parent":0,"menu_order":0,"comment_status":"closed","ping_status":"closed","template":"page-sidebar.php","meta":{"footnotes":""},"class_list":["post-3541","page","type-page","status-publish"],"_links":{"self":[{"href":"https:\/\/www.romev.de\/index.php?rest_route=\/wp\/v2\/pages\/3541","targetHints":{"allow":["GET"]}}],"collection":[{"href":"https:\/\/www.romev.de\/index.php?rest_route=\/wp\/v2\/pages"}],"about":[{"href":"https:\/\/www.romev.de\/index.php?rest_route=\/wp\/v2\/types\/page"}],"author":[{"embeddable":true,"href":"https:\/\/www.romev.de\/index.php?rest_route=\/wp\/v2\/users\/1965"}],"replies":[{"embeddable":true,"href":"https:\/\/www.romev.de\/index.php?rest_route=%2Fwp%2Fv2%2Fcomments&post=3541"}],"version-history":[{"count":10,"href":"https:\/\/www.romev.de\/index.php?rest_route=\/wp\/v2\/pages\/3541\/revisions"}],"predecessor-version":[{"id":3595,"href":"https:\/\/www.romev.de\/index.php?rest_route=\/wp\/v2\/pages\/3541\/revisions\/3595"}],"wp:attachment":[{"href":"https:\/\/www.romev.de\/index.php?rest_route=%2Fwp%2Fv2%2Fmedia&parent=3541"}],"curies":[{"name":"wp","href":"https:\/\/api.w.org\/{rel}","templated":true}]}}

[vc_row type=&#8220;in_container&#8220; full_screen_row_position=&#8220;middle&#8220; column_margin=&#8220;default&#8220; scene_position=&#8220;center&#8220; text_color=&#8220;dark&#8220; text_align=&#8220;left&#8220; overlay_strength=&#8220;0.3&#8243; shape_divider_position=&#8220;bottom&#8220; bg_image_animation=&#8220;none&#8220;][vc_column column_padding=&#8220;no-extra-padding&#8220; column_padding_position=&#8220;all&#8220; background_color_opacity=&#8220;1&#8243; background_hover_color_opacity=&#8220;1&#8243; column_link_target=&#8220;_self&#8220; column_shadow=&#8220;none&#8220; column_border_radius=&#8220;none&#8220; width=&#8220;1/1&#8243; tablet_width_inherit=&#8220;default&#8220; tablet_text_alignment=&#8220;default&#8220; phone_text_alignment=&#8220;default&#8220; overlay_strength=&#8220;0.3&#8243; column_border_width=&#8220;none&#8220; column_border_style=&#8220;solid&#8220; bg_image_animation=&#8220;none&#8220;][vc_column_text]RomBuK – Bildung und Kultur im Rom e.V. ist ein Projekt, welches seit 2019 von der Stadt Köln gefördert wird.</p>
<p>Die zuvor ehrenamtlich geführte Arbeit gegen Antiziganismus sowie die Empowermentarbeit werden nun ausgebaut und in rassismuskritische Bildungsangebote umgesetzt.</p>
<p>Die Basis für die rassismuskritische Bildungsarbeit sowie für die Unterstützung von gesellschaftlicher und politischer Teilhabe der Minderheit bilden die Fachbibliothek sowie das Archiv und Dokumentationszentrum des Rom e.V.</p>
<p><a href="https://www.romev.de/?page_id=3543">Rassismuskritische Bildungsarbeit und Empowerment</a></p>
<p><a href="https://www.romev.de/?page_id=3545">Archiv und Dokumentationszentrum /Bibliotek</a><br />
[/vc_column_text][divider line_type=&#8220;No Line&#8220; custom_height=&#8220;50&#8243;]<div  data-transition="swipe" data-overall_style="directional" data-flexible-height="true" data-animate-in-effect="none" data-fullscreen="false" data-button-sizing="regular" data-button-styling="btn_with_count" data-autorotate="5000" data-parallax="false" data-parallax-disable-mobile="" data-caption-trans="fade_in_from_bottom" data-parallax-style="bg_only" data-bg-animation="ken_burns" data-full-width="false" class="nectar-slider-wrap " id="nectar-slider-instance-1"><div class="swiper-container"  data-tho="auto" data-tco="auto" data-pho="auto" data-pco="auto" data-loop="false" data-height="650" data-min-height="" data-arrows="false" data-bullets="false" data-bullet_style="see_through" data-bullet_position="bottom" data-desktop-swipe="false" data-settings=""> <div class="swiper-wrapper"><div class="swiper-slide" data-desktop-content-width="auto" data-tablet-content-width="auto" data-bg-alignment="bottom" data-color-scheme="light" data-x-pos="left" data-y-pos="middle" ><div class="slide-bg-wrap"><div class="image-bg" data-nectar-img-src="https://www.romev.de/wp-content/uploads/Auftaktveranstaltung-RomBuK_Publikum-2-1.jpg"> &nbsp; </div></div><div class="container">
						<div class="content"><p class="transparent-bg" ><span>Auftaktveranstaltung des Projekts RomBuK- Bildung und Kultur im Rom e.V. im Januar 2020.
© RomBuK/Rom e.V.</span></p></div>
								</div><!--/container--><div class="video-texture "> <span class="ie-fix"></span> </div></div> <!--/swiper-slide--><div class="swiper-slide" data-desktop-content-width="auto" data-tablet-content-width="auto" data-bg-alignment="bottom" data-color-scheme="light" data-x-pos="left" data-y-pos="middle" ><div class="slide-bg-wrap"><div class="image-bg" data-nectar-img-src="https://www.romev.de/wp-content/uploads/Auftaktveranstaltung_Bürger_innenrechtsaktivistin-Nizaqete-Bislimi-Hošo-1.jpg"> &nbsp; </div></div><div class="container">
						<div class="content"><p class="transparent-bg" ><span>Auftaktveranstaltung des Projekts RomBuK- Bildung und Kultur im Rom e.V. im Januar 2020.
© RomBuK/Rom e.V.</span></p></div>
								</div><!--/container--><div class="video-texture "> <span class="ie-fix"></span> </div></div> <!--/swiper-slide--><div class="swiper-slide" data-desktop-content-width="auto" data-tablet-content-width="auto" data-bg-alignment="bottom" data-color-scheme="light" data-x-pos="left" data-y-pos="middle" ><div class="slide-bg-wrap"><div class="image-bg" data-nectar-img-src="https://www.romev.de/wp-content/uploads/Auftaktveranstaltung-RomBuK_Publikum-1.jpg"> &nbsp; </div></div><div class="container">
						<div class="content"><p class="transparent-bg" ><span>Auftaktveranstaltung des Projekts RomBuK- Bildung und Kultur im Rom e.V. im Januar 2020.
© RomBuK/Rom e.V.</span></p></div>
								</div><!--/container--><div class="video-texture "> <span class="ie-fix"></span> </div></div> <!--/swiper-slide--><div class="swiper-slide" data-desktop-content-width="auto" data-tablet-content-width="auto" data-bg-alignment="bottom" data-color-scheme="light" data-x-pos="left" data-y-pos="middle" ><div class="slide-bg-wrap"><div class="image-bg" data-nectar-img-src="https://www.romev.de/wp-content/uploads/Auftaktveranstaltung_-Lisa-Willnecker-1.jpg"> &nbsp; </div></div><div class="container">
						<div class="content"><p class="transparent-bg" ><span>Auftaktveranstaltung des Projekts RomBuK- Bildung und Kultur im Rom e.V. im Januar 2020.
© RomBuK/Rom e.V.</span></p></div>
								</div><!--/container--><div class="video-texture "> <span class="ie-fix"></span> </div></div> <!--/swiper-slide--><div class="swiper-slide" data-desktop-content-width="auto" data-tablet-content-width="auto" data-bg-alignment="bottom" data-color-scheme="light" data-x-pos="left" data-y-pos="middle" ><div class="slide-bg-wrap"><div class="image-bg" data-nectar-img-src="https://www.romev.de/wp-content/uploads/Auftaktveranstaltung_-Serçe-Berna-Öznarçiçeği-1.jpg"> &nbsp; </div></div><div class="container">
						<div class="content"><p class="transparent-bg" ><span>Auftaktveranstaltung des Projekts RomBuK- Bildung und Kultur im Rom e.V. im Januar 2020.
© RomBuK/Rom e.V.</span></p></div>
								</div><!--/container--><div class="video-texture "> <span class="ie-fix"></span> </div></div> <!--/swiper-slide--><div class="swiper-slide" data-desktop-content-width="auto" data-tablet-content-width="auto" data-bg-alignment="bottom" data-color-scheme="light" data-x-pos="left" data-y-pos="middle" ><div class="slide-bg-wrap"><div class="image-bg" data-nectar-img-src="https://www.romev.de/wp-content/uploads/Auftaktveranstaltung_der-Künstler-Nedjo-Osman-1.jpg"> &nbsp; </div></div><div class="container">
						<div class="content"><p class="transparent-bg" ><span>Auftaktveranstaltung des Projekts RomBuK- Bildung und Kultur im Rom e.V. im Januar 2020.
© RomBuK/Rom e.V.</span></p></div>
								</div><!--/container--><div class="video-texture "> <span class="ie-fix"></span> </div></div> <!--/swiper-slide--><div class="swiper-slide" data-desktop-content-width="auto" data-tablet-content-width="auto" data-bg-alignment="bottom" data-color-scheme="light" data-x-pos="left" data-y-pos="middle" ><div class="slide-bg-wrap"><div class="image-bg" data-nectar-img-src="https://www.romev.de/wp-content/uploads/Auftaktveranstaltung_Simone-Treis-Vorstand-Rom-e.V.-1.jpg"> &nbsp; </div></div><div class="container">
						<div class="content"><p class="transparent-bg" ><span>Auftaktveranstaltung des Projekts RomBuK- Bildung und Kultur im Rom e.V. im Januar 2020.
© RomBuK/Rom e.V.</span></p></div>
								</div><!--/container--><div class="video-texture "> <span class="ie-fix"></span> </div></div> <!--/swiper-slide--><div class="swiper-slide" data-desktop-content-width="auto" data-tablet-content-width="auto" data-bg-alignment="bottom" data-color-scheme="light" data-x-pos="left" data-y-pos="middle" ><div class="slide-bg-wrap"><div class="image-bg" data-nectar-img-src="https://www.romev.de/wp-content/uploads/Filmveranstaltung-Ceija-Stojka-1.jpg"> &nbsp; </div></div><div class="container">
						<div class="content"><p class="transparent-bg" ><span>Filmveranstaltung Ceija Stojka.</span></p></div>
								</div><!--/container--><div class="video-texture "> <span class="ie-fix"></span> </div></div> <!--/swiper-slide--><div class="swiper-slide" data-desktop-content-width="auto" data-tablet-content-width="auto" data-bg-alignment="center" data-color-scheme="light" data-x-pos="left" data-y-pos="middle" ><div class="slide-bg-wrap"><div class="image-bg" data-nectar-img-src="https://www.romev.de/wp-content/uploads/Vorbereitung-auf-den-Langen-Donnerstag-im-Museum-Ludwig.jpg"> &nbsp; </div></div><div class="container">
						<div class="content"><p  ><span> Vorbereitung auf den Langen Donnerstag im Museum Ludwig</span></p></div>
								</div><!--/container--><div class="video-texture "> <span class="ie-fix"></span> </div></div> <!--/swiper-slide--><div class="swiper-slide" data-desktop-content-width="auto" data-tablet-content-width="auto" data-bg-alignment="bottom" data-color-scheme="light" data-x-pos="left" data-y-pos="middle" ><div class="slide-bg-wrap"><div class="image-bg" data-nectar-img-src="https://www.romev.de/wp-content/uploads/Langer-Donnerstag-im-Museum-Ludwig_Vera-Tönsfeldt-1.jpg"> &nbsp; </div></div><div class="container">
						<div class="content"><p  ><span>Langer Donnerstag im Museum Ludwig</span></p></div>
								</div><!--/container--><div class="video-texture "> <span class="ie-fix"></span> </div></div> <!--/swiper-slide--><div class="swiper-slide" data-desktop-content-width="auto" data-tablet-content-width="auto" data-bg-alignment="bottom" data-color-scheme="light" data-x-pos="left" data-y-pos="middle" ><div class="slide-bg-wrap"><div class="image-bg" data-nectar-img-src="https://www.romev.de/wp-content/uploads/Langer-Donnerstag_Podiumsdiskussion-im-Museum-Ludwig-1.jpg"> &nbsp; </div></div><div class="container">
						<div class="content"><p  ><span>Langer Donnerstag im Museum Ludwig</span></p></div>
								</div><!--/container--><div class="video-texture "> <span class="ie-fix"></span> </div></div> <!--/swiper-slide--></div><a href="#" class="slider-prev"><i class="fa fa-angle-left"></i> </a>
						<a href="#" class="slider-next"><i class="fa fa-angle-right"></i> </a><div class="nectar-slider-loading "> <span class="loading-icon none">   </span> </div> </div> 
					
					</div>[/vc_column][/vc_row]
