{"id":5964,"date":"2025-03-10T11:36:05","date_gmt":"2025-03-10T10:36:05","guid":{"rendered":"https:\/\/www.romev.de\/?page_id=5964"},"modified":"2025-05-19T23:33:07","modified_gmt":"2025-05-19T22:33:07","slug":"hilfe-zur-erziehung","status":"publish","type":"page","link":"https:\/\/www.romev.de\/?page_id=5964","title":{"rendered":"Hilfe zur Erziehung"},"content":{"rendered":"<p style=\"padding-left: 40px;\"><strong>Kontakt<\/strong><\/p>\n<p style=\"padding-left: 40px;\"><strong>E-Mail:<\/strong> familienhilfe@romev.de<br \/>\n<strong>Telefonnummer\/<\/strong>vaj po telefono: 0157-87026000<\/p>\n<p><strong>\u00a0<\/strong><strong>\u00a0<\/strong><\/p>\n<p><strong>Hilfe zur Erziehung <\/strong><\/p>\n<p>Der Rom e.V. bietet als freier Tr\u00e4ger im Bereich der Kinder- und Jugendhilfe auch Hilfe zur Erziehung an. Unser Team \u00fcberzeugt mit beachtlichen Erfahrungswerten in Beratung und Begleitung bei innerfamili\u00e4ren Problemlagen und kann durch vielseitige sprachliche Kompetenzen angemessen auf die Familien eingehen.<\/p>\n<p>Wir bieten Unterst\u00fctzung in folgenden Sprachen:<br \/>\nRomanes, Serbisch, Bosnisch, Kroatisch, Englisch, Deutsch, \u00a0Polnisch.<\/p>\n<p><strong>Sozialp\u00e4dagogische Familienhilfe (SPFH)<\/strong><\/p>\n<ul>\n<li>Unterst\u00fctzung bei der Bew\u00e4ltigung von Alltagsproblemen<\/li>\n<li>Ressourcenorientiertes Arbeiten<\/li>\n<li>Gemeinsame L\u00f6sungsfindung bei Konflikten und Krisen<\/li>\n<li>Begleitung zu \u00c4mtern, Beh\u00f6rden und anderen Institutionen<\/li>\n<li>Hilfe zur Selbsthilfe.<\/li>\n<\/ul>\n[divider line_type=&#8220;full-width&#8220; custom_height=&#8220;20&#8243;]\n<p><a href=\"https:\/\/www.romev.de\/wp-content\/uploads\/Rom-e.V._Flyer-HzE.pdf\" target=\"_blank\" rel=\"noopener\">Weitere Informationen<\/a><\/p>\n","protected":false},"excerpt":{"rendered":"<p>Kontakt E-Mail: familienhilfe@romev.de Telefonnummer\/vaj po telefono: 0157-87026000 \u00a0\u00a0 Hilfe zur Erziehung Der Rom e.V. bietet als freier Tr\u00e4ger im Bereich der Kinder- und Jugendhilfe auch Hilfe zur Erziehung an. Unser&#8230;<\/p>\n","protected":false},"author":1965,"featured_media":0,"parent":0,"menu_order":0,"comment_status":"closed","ping_status":"closed","template":"page-sidebar.php","meta":{"footnotes":""},"class_list":["post-5964","page","type-page","status-publish"],"_links":{"self":[{"href":"https:\/\/www.romev.de\/index.php?rest_route=\/wp\/v2\/pages\/5964","targetHints":{"allow":["GET"]}}],"collection":[{"href":"https:\/\/www.romev.de\/index.php?rest_route=\/wp\/v2\/pages"}],"about":[{"href":"https:\/\/www.romev.de\/index.php?rest_route=\/wp\/v2\/types\/page"}],"author":[{"embeddable":true,"href":"https:\/\/www.romev.de\/index.php?rest_route=\/wp\/v2\/users\/1965"}],"replies":[{"embeddable":true,"href":"https:\/\/www.romev.de\/index.php?rest_route=%2Fwp%2Fv2%2Fcomments&post=5964"}],"version-history":[{"count":4,"href":"https:\/\/www.romev.de\/index.php?rest_route=\/wp\/v2\/pages\/5964\/revisions"}],"predecessor-version":[{"id":6045,"href":"https:\/\/www.romev.de\/index.php?rest_route=\/wp\/v2\/pages\/5964\/revisions\/6045"}],"wp:attachment":[{"href":"https:\/\/www.romev.de\/index.php?rest_route=%2Fwp%2Fv2%2Fmedia&parent=5964"}],"curies":[{"name":"wp","href":"https:\/\/api.w.org\/{rel}","templated":true}]}}